 24 is divided by m*(-2 + (-7)/(-3)).
3
Suppose -h - 2*p = -0*p - 30, 0 = -p + 5. What is the remainder when 112 is divided by h?
12
Suppose -2*y + 7 - 3 = 0. Suppose y*l + 0*l = -m + 1, -2*m = -4*l + 22. Suppose 2*n = -8, 2*n - 6 = -5*u + n. Calculate the remainder when l is divided by u.
1
Let j(x) = 4*x**2 - 12*x - 11. Let o(g) = 3*g**2 - 12*g - 10. Let c(z) = 4*j(z) - 5*o(z). Calculate the remainder when 75 is divided by c(-13).
18
Suppose z = -4*a + 37, -3*a = 7*z - 12*z + 231. Calculate the remainder when z is divided by 36.
9
Let p = -10 + 13. Let v be p/((2 - -2)/(-144)). Let x = -26 - v. What is the remainder when x is divided by 21?
19
Let r = 28 - 48. Let d be (4 + (-14)/5)*r. Let w = 34 + d. Calculate the remainder when 28 is divided by w.
8
What is the remainder when 123 is divided by 634/18 + 10/(-45)?
18
Let x(a) be the first derivative of -2*a**4 + a**3/3 - a - 6. Let y be x(-1). Let s = y + 0. Calculate the remainder when 23 is divided by s.
7
Suppose -h = 2*p - 86, 0 = -5*h - 0*p - 3*p + 444. Calculate the remainder when 170 is divided by h.
80
Let j be 4 + -2*1/(-2). Let g = j + 10. Suppose 3*y + 13 = -3*f + 34, -5*f + 26 = 2*y. Calculate the remainder when g is divided by f.
3
Let j(w) = 3*w**3 + 2*w**2 - 3*w + 3. Let m(u) = u + 1. Let p be m(-8). Let s = -5 - p. Calculate the remainder when j(s) is divided by 8.
5
Suppose 2*z - 8*z + 30 = 0. Suppose 0 = z*q - 93 - 37. Calculate the remainder when 46 is divided by q.
20
Let l be ((-4 + 0)*-1)/2. Suppose -l*d - d + 99 = 0. Suppose -2*p - 3*x + 3 + 36 = 0, 3*p - 4*x - 50 = 0. Calculate the remainder when d is divided by p.
15
Let k = 78 + -74. Suppose -k*w + 83 = -s, -2*w = 7*s - 2*s - 25. Calculate the remainder when w is divided by 7.
6
Calculate the remainder when 32 is divided by 8/(16/22) + 1.
8
Suppose 364*s - 452 = 360*s. Let j(n) = -4*n + 5. What is the remainder when s is divided by j(-6)?
26
Let p(t) = 2*t**2 + 58*t + 6. Calculate the remainder when p(-30) is divided by 24.
18
Suppose 7*v - 17 = 4. Suppose -4*n + 2*l = -0*l - 28, 0 = -5*n - v*l + 57. What is the remainder when (0/(-2) - -23) + 2 is divided by n?
7
Suppose 3*p - 170 = 8*p. Let i = p - -20. Let b = i - -27. Calculate the remainder when b is divided by 7.
6
Suppose 120*r - 495 = 115*r. Calculate the remainder when r is divided by 30.
9
Let w(h) = -h**3 + 3*h**2 + 5*h + 3. Calculate the remainder when w(4) is divided by 3 - (15/(-10) - (-2)/(-4)).
2
Let k be (((-24)/3)/(-8))/((-1)/(-39)). Suppose 0 = -3*c - 7*s + 2*s + 55, 0 = 2*c + s - k. Calculate the remainder when 37 is divided by c.
17
Let g(f) = -f**3 - 4*f**2 - 3*f + 5. Suppose 2*q = -4*n + 478, -7*n + q = -4*n - 346. What is the remainder when n is divided by g(-4)?
15
Let x(r) = r + 5. Let d be x(-5). Suppose d = -3*n + 5*n - 36. Let q = -6 + n. Calculate the remainder when 21 is divided by q.
9
Let s be (-154)/((-1)/(5 + -4)). Suppose 4*q + 50 = s. Suppose 24*z = q*z - 24. What is the remainder when 34 is divided by z?
10
Suppose 0 = 4*o - 8, 0*a - 4*a = 5*o - 294. Let t = a - -13. What is the remainder when t is divided by 29?
26
Suppose -31 = -2*h + 273. Suppose 0 = -5*p + 118 + h. Calculate the remainder when p is divided by 29.
25
Let i = -72 - -42. Calculate the remainder when 17 is divided by 2/(-3) + (-290)/i.
8
Let o be (1/(-1))/((-3)/51). Let u = -2 + o. What is the remainder when u is divided by 7?
1
Let z be (3/6)/(5/370). Suppose -z = -5*l + 193. What is the remainder when l is divided by (-4)/(-5)*(1 - -19)?
14
Suppose 3*s + 169 - 721 = 0. Calculate the remainder when s is divided by 62.
60
Suppose -o - 88 = 3*o + 5*a, 0 = -4*o + a - 64. Let g = o + 24. What is the remainder when (-93 - g)/(4/(-2)) is divided by 18?
14
Suppose 4*w - 97 + 38 = -5*y, 0 = -w + 4*y - 1. What is the remainder when 503 is divided by w?
8
What is the remainder when (-10)/(-65) + (-3272)/(-26) is divided by 32?
30
Let d be (-4)/14 + (-262)/14. Let n = -11 - d. Suppose 4*g - 13*g + 252 = 0. What is the remainder when g is divided by n?
4
Let x = -17 - -39. Let o = -263 + 269. Calculate the remainder when x is divided by o.
4
Let o = 26 + 8. Suppose -26*f + 20*f + 1014 = 0. Calculate the remainder when f is divided by o.
33
Calculate the remainder when 550 is divided by ((-24)/20)/((-45)/1725).
44
Suppose -2*w - 6*w + 16 = 0. Suppose -w*n + 3 = -3*m - 4, -3*n + m + 7 = 0. What is the remainder when 13 is divided by n?
1
Let l(g) = 12*g**2 + 2*g - 10. What is the remainder when 12/(-30) + (-412)/(-5) is divided by l(2)?
40
Suppose 3*v + 3*v - 492 = 0. Calculate the remainder when v is divided by 126/(-3)*(12/9)/(-2).
26
Suppose 0 = -w - 3*g + 12, 0 = -3*g - 12. Calculate the remainder when w is divided by 15.
9
Suppose 5*p + 21 = 36. What is the remainder when 32 is divided by p/(-12)*-83 + 2/8?
11
Let i be (2 - 5) + (18/2 - 6). Suppose i = -11*o + 8*o + 63. What is the remainder when 42 is divided by o?
0
Let n(m) = 6*m - 79. Calculate the remainder when 21 is divided by n(15).
10
Suppose -4*y + 4*v = -8*y + 12, -2*y - 5*v = 0. Suppose 4*g = y*b + 92, -5*g = b - 92 + 6. What is the remainder when 85 is divided by g?
13
Let f(j) = 3*j**2 - 19*j + 12. Let g be f(9). Let p = 105 - g. Calculate the remainder when 80 is divided by p.
17
Suppose -2*v + 3*t - 4 = -53, 0 = 5*v + t - 114. Let c(u) = u**2 + 11*u - 30. What is the remainder when v is divided by c(-14)?
11
Let b = -23 + 24. Suppose -u + 77 = -4*p, p = b - 5. Calculate the remainder when u is divided by 6*1*(-91)/(-26).
19
Let g(n) = n + 6. Let s be 2/6 + 70/15. Calculate the remainder when (8/(-1))/(2/(-8)) is divided by g(s).
10
Let q(b) = b**3 - 3*b**2 + 3*b + 4. Let d be q(4). Let y = -28 + d. Calculate the remainder when -8 + 4 + 24 + y is divided by 9.
6
Let v(x) = -x**3 + 16*x**2 - 61*x + 19. Calculate the remainder when (2/2)/(2/48) is divided by v(6).
11
Suppose -65 = -p + 4*n, -4*p = 2*n + 64 - 234. What is the remainder when 79 is divided by p?
34
Let j = -290 + 303. Suppose 5*n = 5*h - 5, n - 3*h + 0*h + 7 = 0. Suppose n*s = -5*l + 14, 3*l + 2*l - 2*s = 26. What is the remainder when j is divided by l?
1
Suppose -2*w - 211 = q, 68 = -q + 4*w - 137. Let k = q + -188. Calculate the remainder when k/(-7) + (-2)/(-7) is divided by 15.
12
Suppose 2*i - 52 = 2*z, 5*i + 2*z - 34 = 110. What is the remainder when ((-10)/6)/((-335)/44622) is divided by i?
26
Let b(m) = 32*m - 1. Suppose -49*v - 80 = -54*v. What is the remainder when b(2) is divided by v?
15
Suppose 2*b + q - 13 = 0, b + 3*b = q + 41. What is the remainder when 1/((-1)/(-17))*(0 - -1) is divided by b?
8
Suppose 2*c + 2275 = 7*c. Calculate the remainder when c is divided by 46.
41
Suppose 0 = -5*q + 188 - 33. What is the remainder when -1 - 1 - 5236/(-34) is divided by q?
28
Suppose 3*d + 2*d = -25. Let k = 13 + d. Suppose 3*j - 69 - 9 = 3*f, 0 = -5*j + f + 150. Calculate the remainder when j is divided by k.
7
What is the remainder when ((-2072)/24)/((-3)/9) is divided by 65?
64
Let j = 28 + -23. Suppose 0*p + j*p = 110. What is the remainder when p is divided by 6?
4
Suppose -3*x + 3*n + 5 = -4, -3*n - 13 = x. What is the remainder when (-396)/(-12) - 4/x is divided by 10?
7
Let c be (-1)/8 + 7/56. Suppose c = 3*i - 89 + 17. Suppose i = 8*p - 6*p. What is the remainder when 22 is divided by p?
10
Let q(x) = x + 18*x**2 - 4*x - 1 + 2*x**2 - x**2. What is the remainder when q(-1) is divided by 11?
10
Let a(p) = 6*p - 17. Let k(r) = -12*r + 34. Let i(c) = 13*a(c) + 6*k(c). Let y be i(6). Let j = 54 + y. What is the remainder when j is divided by 19?
16
Suppose 0 = 3*j - 6 - 39. Suppose -20 = 5*m, -n + 124 = -0*n - m. Let u = n - 61. What is the remainder when u is divided by j?
14
Let g(a) = -a**2 - 2*a. Let b be g(-6). Suppose 0 = -5*m + 49 + 171. Let p = b + m. What is the remainder when 59 is divided by p?
19
What is the remainder when 184 is divided by (-690)/(-66) + (-6)/(-11)?
8
Let i be (-3)/12 - 409*2/(-8). Suppose 2*t = i - 52. Calculate the remainder when t is divided by 16.
9
Suppose 48*a - 12268 = -3244. Calculate the remainder when a is divided by 51.
35
Suppose -2*p + 6 - 119 = 5*w, -4*p - 111 = 5*w. Let x be (-4)/(-5 + (-535)/(-105)). Let g = w - x. Calculate the remainder when 73 is divided by g.
16
Suppose -3*j - 2